 Suppose -3*n + 31 = l*p - 20, -5*n = -2*p - 69. What is the greatest common factor of 15 and n?
15
Suppose 0*j - 9 = -j. Let n be (1 - -2)*(0 + 1). Suppose -2*d + n = -d. What is the greatest common factor of j and d?
3
Let v = -20 - 4. Suppose 0*x + 40 = 4*x. Let w be 25/(-2)*v/x. Calculate the highest common divisor of w and 3.
3
Suppose 3*q - 8 = 2*q + 5*f, f - 32 = -4*q. Suppose 26 = d - 30. Calculate the highest common factor of d and q.
8
Let x = -53 + 74. Suppose -5*q + x = -4. What is the highest common divisor of 25 and q?
5
Suppose 0 = -4*k - 12, v - k + 1 = 3*v. Suppose 3*j + v*j = 360. Calculate the greatest common factor of j and 9.
9
Let i(h) = -4*h + 24. Let v be i(-15). Calculate the greatest common divisor of v and 210.
42
Let s(w) = w**2 - 1. Let t be s(6). Let b = t + -9. What is the highest common factor of b and 104?
26
Let d = 9 - -2. Let h be -5 + 4 + 0 + 93 + -4. Calculate the highest common factor of d and h.
11
Let h = 5 + 8. Suppose h = 3*t - 2. Let p be -1 + t/1*2. What is the greatest common factor of p and 18?
9
Let a = 0 + 8. Let r = -4 + 8. Suppose 0 - r = -2*j. What is the greatest common factor of a and j?
2
Suppose -2*y - 5*p = -288, 2*y + 292 = 4*y + 4*p. Calculate the highest common factor of y and 14.
14
Let o be (-4)/20 + (-52)/(-10). Suppose o*z = -4*p - 16 - 136, 44 = -2*z + 4*p. Let h = 12 - z. Calculate the highest common divisor of h and 5.
5
Let h be (1 - (-4 - -3)) + 154. What is the highest common divisor of 39 and h?
39
Let h = -25 - -31. Calculate the highest common divisor of h and 30.
6
Let d(p) = -14*p - 19. Let z be d(-6). Calculate the highest common divisor of z and 5.
5
Let p be (-1)/4 + (-141)/(-4). Let w = p + -24. Let f = -6 + w. What is the greatest common divisor of f and 5?
5
Let l(a) = 10*a**2 + a - 1. Let x(p) = p. Let z be x(3). Let w = z + -2. Let q be l(w). What is the highest common factor of 4 and q?
2
Let m = 2 + 0. Calculate the highest common divisor of m and 1.
1
Let r = 13 - 9. Suppose 52 = 5*u - s - 3*s, -r*s = 4*u - 20. Suppose -2*l + 10 = -u. What is the highest common factor of 18 and l?
9
Let r(i) = -i**3 - 4*i**2 - 3*i - 10. Let f be r(-6). What is the greatest common divisor of 10 and f?
10
Let j be (-2)/5 - (-84)/10. Suppose j + 7 = 3*s. Let x(l) = -18*l + 1. Let w be x(-3). What is the highest common factor of w and s?
5
Suppose -16*o + 30 = -11*o. What is the highest common divisor of 4 and o?
2
Suppose 2*z - 4*p - 72 = -p, z - p - 34 = 0. Suppose -4*r + 42 = 5*g - 0*r, 4*g + 5*r - z = 0. Calculate the highest common divisor of 80 and g.
10
Let g be (-2)/(-3) - 492/(-18). What is the highest common factor of 4 and g?
4
Suppose -7 = -x - 2*u, -5*x + 3*u = -2*x + 24. Let t be -1 - (x - -2 - 57). Let p be -1*(-3)/(6/76). Calculate the highest common factor of p and t.
19
Let c = -43 + 95. Suppose -3*r - 390 = -8*r. Calculate the highest common factor of r and c.
26
Let r = 24 - 11. Suppose -5*d = 10, 5*z = -3*d + r + 1. What is the greatest common factor of 4 and z?
4
Let c be (14 - (1 + -1)) + -1 + 3. What is the greatest common factor of 4 and c?
4
Let g(q) = -q**3 + 2*q**2 - 3*q + 3. Let o be g(2). Let l be (-2)/(-6) + (-35)/o. Calculate the greatest common divisor of 132 and l.
12
Suppose -3*j + 29 - 116 = 0. Let r = j + 51. Calculate the greatest common factor of r and 55.
11
Suppose 2*x - 6*x + 340 = 0. What is the greatest common factor of x and 34?
17
Let q be 1 + 119*-1*-1. Let g be 2 + 132 + 1 + -3. Suppose 0*i + g = 3*i + 4*u, -93 = -2*i - u. What is the greatest common factor of q and i?
24
Let o(h) = 72*h - 1. Let j be o(2). Let i(d) = d**2 - 6*d - 5. Let t be i(7). Suppose -t*v + 26 = -0*v. What is the highest common factor of j and v?
13
Let s be 6096/132 - (-2)/(-11). What is the greatest common divisor of 230 and s?
46
Suppose -10*b - 96 = -12*b. What is the highest common factor of b and 72?
24
Let i be (2/(16/(-238)))/(6/(-24)). Suppose -3*p = -20 - 31. Calculate the highest common divisor of i and p.
17
Suppose -29 = -5*c + 71. Suppose -11 = -4*m - y + 6*y, 4*y - c = -4*m. Suppose a - 15 = -4*f - 6, 25 = 5*a. Calculate the greatest common factor of f and m.
1
Let s be 3/(3*2/(-128)). Let a be (-72)/(-32)*s/(-3). Calculate the highest common divisor of a and 24.
24
Let f(g) = g + 10. Let b = -1 + 0. Let h = b + -8. Let a be f(h). What is the highest common divisor of 1 and a?
1
Let l(t) = -8*t + 6. Let q be l(-5). What is the highest common divisor of q and 115?
23
Suppose -21*d + 39*d - 216 = 0. Let t be -2*(1 + (-1 - 48)). What is the highest common factor of d and t?
12
Let c = 7 + -5. Suppose 2*q = c*w - 6, w + 3*q = 2 - 3. Suppose w*z + 2 = -0*z, -4*d - 5*z = -43. What is the greatest common factor of d and 60?
12
Suppose 28 - 3 = 5*t. Suppose 5*x + r = 25, 2*x - t*r - 34 - 3 = 0. Let a be -20*((-1)/2 + -1). What is the highest common factor of a and x?
6
Let m be 28/168 - (-214)/12. What is the highest common divisor of m and 117?
9
Let p(a) = a - 9. Let g be p(5). Let m be (286/g)/(3/(-6)). What is the greatest common divisor of m and 13?
13
Let d be (-12)/(33/(-6) - -4). What is the greatest common factor of d and 88?
8
Suppose -3*g + 165 - 45 = -3*x, -2*x = 8. Calculate the greatest common divisor of 18 and g.
18
Let q(u) = 2*u**2 + 5*u - 7. Let m be q(-7). Suppose 0 = 3*f - 2*f - m. What is the highest common factor of 8 and f?
8
Let y = 33 - -13. What is the highest common divisor of y and 69?
23
Suppose -5*d + 14 = -4*b - 6, -20 = -3*b - 5*d. Let z = 13 + 5. Suppose 2*k = -b*k + z. Calculate the greatest common divisor of 99 and k.
9
Suppose 2*o = 586 + 52. What is the highest common factor of 29 and o?
29
Suppose -3*r + 97 = 2*p - 7*p, -4*r = 3*p - 139. Calculate the highest common factor of 238 and r.
34
Let g be (((-20)/(-8))/5)/((-1)/(-144)). What is the greatest common factor of 12 and g?
12
Let g be (-42)/35*(-280)/6. Calculate the highest common divisor of 14 and g.
14
Let i(z) = 6*z**3 - z**2 + z - 1. Let n be i(1). Suppose 0 = 5*s + 15, 2*p + 3*p = -3*s + 266. What is the highest common divisor of n and p?
5
Let q = 10 - 28. Let v be (-256)/q + (-4)/18. Let w be (-6)/(-8) + (-5)/(-4). What is the highest common divisor of w and v?
2
Let l(p) = -4*p + 6. Let y be l(6). Let v be 56*(y/4)/(-3). Calculate the greatest common divisor of 12 and v.
12
Let b be -3 + 0 + 528/(-4). Let l = -36 - b. What is the greatest common factor of l and 11?
11
Suppose -5*y + 55 = -70. Let q = y - 15. Calculate the highest common factor of 5 and q.
5
Suppose -175 - 45 = -4*m. What is the highest common factor of 11 and m?
11
Suppose 5 = 4*c - 3. Suppose y + h - 25 = 0, c*y - y + 4*h - 28 = 0. What is the greatest common divisor of 3 and y?
3
Suppose -22*d - 270 = -25*d. Calculate the highest common divisor of 27 and d.
9
Suppose m = 17 - 2. Suppose 3*n = -0*n + m. Let l(h) = -2*h + 4. Let u be l(-3). Calculate the highest common factor of u and n.
5
Let a be ((-10)/(-8))/(3/12). Suppose 8 - a = 3*y. What is the highest common factor of 9 and y?
1
Suppose -20*a + 768 = -8*a. What is the highest common factor of a and 96?
32
Let w(r) = -r + 20. Let c be w(7). Calculate the greatest common divisor of c and 117.
13
Suppose -31*w + 29*w = -22. Calculate the greatest common divisor of w and 55.
11
Let k = 24 + -11. Calculate the highest common divisor of k and 26.
13
Let h(t) = -3*t - 4. Let r be h(-3). Suppose -r*u + y = 23 - 95, u - 9 = 2*y. Calculate the highest common divisor of 3 and u.
3
Let a be (-2 - -1)*(3 + -56). Let z = -15 + a. What is the greatest common factor of z and 19?
19
Suppose z + 28 = 5*z. What is the highest common divisor of z and 35?
7
Let i(s) = s**3 - 4*s**2 - 6*s - 7. Let k be i(7). Suppose -2*m + 168 = 10*m. Calculate the greatest common divisor of k and m.
14
Let v(w) = w**3 - w**2 + 18. Let h be v(0). Calculate the greatest common factor of 27 and h.
9
Let x = 43 - 23. Suppose -3*z + 6 = -3. Suppose 6*j - 118 = -4*r + 4*j, z*r - 92 = 2*j. Calculate the highest common factor of x and r.
10
Suppose 15 = -5*d - 4*l, -5*l = -d - 11 - 21. Suppose 6*y - c - 52 = y, -4*c = 8. Let o = d + y. What is the greatest common factor of 3 and o?
3
Let n be (-30)/(-50)*(4 - -1). Suppose -n*o = -13 - 32. Suppose 255 = 2*m + 3*t, -2*m 